t h be 4/22 - (r/(-22) - 1). Calculate the highest common divisor of h and 38.
19
Suppose 1 - 16 = -3*l. Suppose 0 = l*f + f - 180. What is the highest common factor of 150 and f?
30
Let k = 2245 - 2005. What is the greatest common divisor of k and 330?
30
Suppose -24 = -8*v + 2*v. Suppose -n + 148 = v*n - i, 0 = n - 3*i - 38. Calculate the greatest common factor of 145 and n.
29
Suppose 18*o - 12*o = 54. What is the highest common factor of o and 171?
9
Let x be (2 + 0 - -1) + (-10 - -9). Let i be (-10976)/(-32) + 1*x*-1. What is the greatest common divisor of i and 31?
31
Let f(x) = 5*x - 6. Let b be f(5). Suppose 5*l = n - 67, -n - 13 = 2*l - 66. Let r = n + 0. What is the highest common factor of r and b?
19
Let y(q) = 6*q**2 + 5*q + 27. Let c be y(-3). What is the highest common factor of 594 and c?
66
Suppose -4*r + 0 = -8. Suppose 126 + 214 = r*g. Suppose -3*z - 4*c = -g, 0*c - 3*c + 265 = 5*z. Calculate the highest common divisor of z and 20.
10
Let b = 26 - -6. What is the highest common factor of b and 1?
1
Let h(r) = 3*r**2 - 7*r + 4. Let l be h(-7). Let v(k) = -k**3 - 14*k**2 - 21*k + 61. Let s be v(-12). Calculate the greatest common factor of l and s.
25
Let v be -2*(-1)/2*30. Suppose -94*w + 32 = -908. Calculate the highest common factor of w and v.
10
Suppose -5*z = 5*y - z - 42, -4*y - 3*z + 34 = 0. Let h be (-6)/(-3)*(-45)/y. Let s = h + 21. What is the highest common factor of s and 84?
12
Suppose 0*l + 2*l = -16. Let o = 11 + l. Suppose q - 6 = 5*v, 6*v - o = 3*v. Calculate the highest common divisor of q and 11.
11
Let b = 27 - 19. Let m(w) = w**3 - 8*w**2 - 15*w + 24. Let f be m(9). Let a = 10 - f. What is the highest common divisor of a and b?
8
Suppose 0*p - 2*x - 400 = -2*p, -4*p = -2*x - 800. What is the greatest common divisor of 25 and p?
25
Let h(d) = -2*d**2 - 59*d. Let v be h(-25). Calculate the greatest common factor of v and 90.
45
Suppose 0 = 2*l + 2*b, -2*b = 3*l - b - 10. Suppose 5*v - 80 = -l*q, 5*v - 68 = -0*q - 2*q. What is the highest common factor of 8 and v?
4
Suppose 0 = 5*h - 3*h + k - 18, -3*h + 3*k + 27 = 0. Let p be 13 + (6/h)/(8/36). Calculate the highest common factor of 16 and p.
16
Suppose 43*n - 59*n + 1408 = 0. Calculate the greatest common divisor of n and 132.
44
Let z(d) = -11*d + 406. Let b be z(36). What is the highest common factor of b and 290?
10
Let s be (-9)/(-36) - (-26)/(-8). Let p(b) = 10*b**2 + 3*b + 7. Let o be p(s). What is the greatest common factor of 8 and o?
8
Let q = 1949 - 1764. What is the highest common divisor of q and 629?
37
Let s = 10 + 9. Suppose -5*i + 3*b + 307 = -302, 3 = -b. Let g = -25 + i. Calculate the highest common factor of s and g.
19
Let u be (3/(-5))/(8/(-40)). Suppose u*m = -m + 56. What is the highest common divisor of 140 and m?
14
Suppose -7*c = -15*c + 88. Suppose -2*j - 3*j + 35 = -5*v, -25 = -4*j + 3*v. Suppose 8*l - j*l = 396. Calculate the greatest common divisor of c and l.
11
Let b be (8/1)/(11 + -9). Suppose 68 = b*t - 8. What is the highest common divisor of 152 and t?
19
Let w(f) = 24*f**3 + 8 - 46*f**3 + 21*f**3. Let p be w(0). What is the highest common factor of 2 and p?
2
Let r be ((-316)/(-16) - -2) + 4/16. What is the highest common divisor of 66 and r?
22
Let q be (16/((-256)/120))/((-9)/48). What is the highest common divisor of q and 136?
8
Let z = 2511 - 2448. What is the greatest common factor of 99 and z?
9
Let z(d) = 2 + 5*d**3 + 3*d + 4 - 9*d - 4*d**3 + 5*d**2. Let j be z(-6). Let a be j/((-3)/(-108)*2). Calculate the greatest common divisor of a and 12.
12
Let b(c) = 2*c**2 - 1. Let r be b(2). Suppose -2*h - 260 = -5*z, -3*h + 260 = -2*z + r*z. What is the highest common divisor of 13 and z?
13
Let l(g) = 9*g**2 - 3*g. Suppose 2*s + 9 = -2*w + 3*s, 3*w = 5*s - 24. Let h be (w + 2)/(1/(-2)). Let b be l(h). What is the highest common factor of 75 and b?
15
Let a(w) = -w**2 + 58*w - 390. Let z be a(43). What is the greatest common factor of 75 and z?
15
Let q be 7380/315 + (1 - 9/21). Suppose -2*m = -5*m + 48. What is the highest common divisor of m and q?
8
Let u be -5 + -53 - 3/(-1). Let c = -16 - u. Calculate the highest common divisor of c and 13.
13
Let v(d) = -17*d - 2. Let o be v(4). Suppose -6*c - 5*t = -c - 345, 0 = -4*c - 3*t + 280. Let z = c - o. What is the highest common factor of z and 13?
13
Let y = 294 - 224. Calculate the highest common factor of 10 and y.
10
Let c = 1 - -2. Suppose -5*r - b + 3*b + 3793 = 0, -2*r + c*b = -1526. Suppose 0 = 4*x - r + 1. Calculate the greatest common divisor of x and 21.
21
Suppose 6*u - 5*u - 79 = 0. Let h = u - 66. Calculate the greatest common divisor of 78 and h.
13
Suppose 20 = 3*t + 2*t. Let f be (-3)/(4 - 22/t). What is the highest common factor of 2 and f?
2
Let m(y) be the second derivative of 25*y**3/6 + y**2/2 + 22*y. Let v be m(7). Calculate the highest common factor of 16 and v.
16
Let r = 38 - -4. Let s(l) be the third derivative of -l**5/60 - l**4/3 - l**3 + 4*l**2. Let p be s(-6). What is the greatest common factor of p and r?
6
Suppose 0 = 13*i - 11*i - 176. Suppose 0 = 3*d + 2*n - 292, d - 2*d - 3*n = -i. Calculate the highest common divisor of 20 and d.
20
Let m = 424 - 340. What is the highest common factor of m and 21?
21
Let a be 24*3*7/14. Let j(w) = w**3 + 6*w**2 - w - 6. Let d be j(-5). Calculate the highest common divisor of a and d.
12
Let z be (16/12)/(2/39). Suppose -25*x = -z*x + 9. Calculate the greatest common factor of x and 3.
3
Let a be ((-28)/(-21))/((-2)/(-3)). Let r be ((-2)/a - -4) + 21. What is the greatest common factor of r and 16?
8
Let k be 4755/315 - (-4)/(-42). Calculate the highest common divisor of 9 and k.
3
Let d(m) = m**2 - 19*m - 28. Let y be d(-5). What is the greatest common divisor of 23 and y?
23
Suppose 125 = 4*u - 5*y + 32, 0 = -5*u - 4*y + 147. What is the greatest common factor of u and 1593?
27
Let w = -1239 - -1277. Calculate the greatest common divisor of w and 209.
19
Suppose -7*z = -12*z - 4*f + 70, -4*z + 67 = f. What is the highest common divisor of 99 and z?
9
Let b be 0 + -1 + 213/3. Suppose -40*k = -32*k - 112. Calculate the greatest common divisor of b and k.
14
Suppose -2*w - 2*w = 40. Let n = w - -70. Suppose -4*a = 4*s - n, 0 = -6*s + 3*s - 15. What is the greatest common factor of a and 60?
20
Let c = -72 + 69. Let j(q) = -43*q + 6. Let b be j(c). Calculate the greatest common divisor of 27 and b.
27
Suppose b = -5*q + 2*b - 32, 0 = 4*q + 5*b + 43. Let v be (30/q)/((-16)/224). Calculate the highest common factor of 15 and v.
15
Suppose 0 = -3*h - 7*k + 6*k + 48, k = -4*h + 64. Suppose -512 = -3*v + v. What is the highest common divisor of v and h?
16
Let i be (39/6 - 4)*6/5. Suppose -1 = -i*n - 4*p, n = -3*p - 1 - 7. What is the greatest common divisor of 28 and n?
7
Suppose -13 = -3*y + 8. Suppose 3*z = 4*t + 64, 4*z = 2*t - y*t + 106. Calculate the highest common divisor of z and 60.
12
Let x be (90/(-20))/(2/4). Let j be x*(-16)/12 + -1. Let q be (-3)/(-3*3/264). Calculate the greatest common factor of q and j.
11
Suppose -43 = -g - 1. Let n(k) = k**2 - 6*k - 4. Let a be n(7). Suppose v = t + a*v - 8, 0 = 5*v + 15. What is the highest common factor of g and t?
14
Suppose 5*s + 2*x + 3 = 98, -s + 31 = -2*x. Calculate the greatest common divisor of 336 and s.
21
Let n be 21/(-9) - (-244)/12. What is the highest common factor of n and 2034?
18
Let t(c) = 3*c**2 - 118*c - 17. Let i be t(41). Calculate the greatest common factor of i and 47.
47
Let d(v) = -v**2 - 15*v + 22. Let r be d(-16). Let a be 21/((4 - r) + 5). Suppose 0*i + h + a = i, 8 = i - 2*h. Calculate the highest common factor of 12 and i.
6
Let s = 141 + 147. Calculate the greatest common factor of s and 32.
32
Suppose -5*c = -4*o + 63, -c = -2*o + 61 - 22. What is the greatest common divisor of o and 220?
22
Suppose -14*m + 12 = -10*m. Let d be (72/(-4))/m*-6. Let s = -22 + 76. What is the highest common factor of d and s?
18
Suppose 1584 = 4*y + 18*y. Calculate the greatest common divisor of 2 and y.
2
Suppose 2*b = -2*b + 60. Suppose 0 = -i + 3*c + b + 113, 3*i - c - 376 = 0. Suppose 576 = 23*o + 1. What is the highest common divisor of i and o?
25
Let n(s) = 2*s**2 + 28*s - 293. Let r be n(37). Calculate the greatest common divisor